j) = 81*j - 3106. Calculate l(39).
53
Let d(n) = -3016*n - 48061. Calculate d(-16).
195
Let k(r) = -4922*r - 123022. Give k(-25).
28
Let b(o) = -o**3 - 45*o**2 - 305*o - 299. What is b(-37)?
34
Let u(j) = -j**3 + 154*j**2 + 1540*j + 405. What is u(-10)?
1405
Let g(q) = 940*q - 8319. What is g(9)?
141
Let f(k) = -10*k**2 + 711*k - 2146. Give f(3).
-103
Let k(b) = -55*b - 1952. Determine k(-37).
83
Let j(y) = -2*y**2 - 7203*y + 43271. Give j(6).
-19
Let c(m) = 83*m**2 - 10027*m + 27501. What is c(118)?
7
Let b(z) = -8*z**3 + 3569*z**2 + 29064*z - 2. Calculate b(-8).
-2
Let k(y) = -4*y**2 - 299262*y + 1795719. Calculate k(6).
3
Let w(m) = -9*m**2 - 2738*m + 2383. Determine w(-305).
248
Let m(i) = 619*i - 2591. What is m(4)?
-115
Let w(x) = -603*x - 3009. What is w(-6)?
609
Let p(g) = 778*g + 97256. What is p(-125)?
6
Let r(x) = -x**2 - 1960*x - 454863. What is r(-269)?
16
Let q(a) = 68645*a + 137333. What is q(-2)?
43
Let f(a) = 30697*a + 151130. What is f(-5)?
-2355
Let y(o) = 8*o**3 + 10*o**2 - 64*o + 95. Determine y(2).
71
Let j(k) = -2*k**3 + 367*k**2 - 1951*k - 1244. Determine j(178).
2
Let z(k) = -21925*k - 526176. Calculate z(-24).
24
Let p(a) = -9*a**2 - 600*a + 70655. Determine p(-128).
-1
Let w(c) = 3*c**3 + 52*c**2 - 2972*c - 83. Determine w(24).
13
Let h(m) = 2*m**2 + 351*m + 1115. Determine h(-172).
-89
Let l(f) = 263*f + 89756. What is l(-341)?
73
Let a(x) = -x**3 - 120*x**2 + 256*x + 58080. What is a(-118)?
24
Let t(q) = -3*q**2 - 7639*q - 584769. What is t(-79)?
-11
Let y(d) = -8*d**2 - 629*d + 87522. Determine y(-151).
93
Let u(r) = 57647*r - 6283511. What is u(109)?
12
Let g(i) = 2*i**2 + 1680*i + 94872. Determine g(-61).
-166
Let b(m) = -m**3 + 41*m**2 + 33992*m + 341. Calculate b(-165).
11
Let z(w) = -w**3 + 43*w**2 + 352*w + 447. Calculate z(50).
547
Let l(w) = -w**3 - 155*w**2 - 795*w - 6758. Determine l(-150).
-8
Let n(v) = -v**3 - 180*v**2 + 491*v + 160. Give n(3).
-14
Let i(z) = 2*z**3 - 6*z**2 + 580*z + 6845. Determine i(-12).
-4435
Let k(a) = -a**3 + 156*a**2 + 1663*a - 586. Determine k(166).
-88
Let g(f) = 4*f**3 - 8118*f**2 + 3912*f + 296243. Give g(2029).
9
Let q(c) = c**3 - 8*c**2 - 565*c - 204. What is q(-15)?
3096
Let s(y) = -1416*y**2 + 64. What is s(0)?
64
Let s(o) = 113*o**3 - 11863*o**2 - 201*o - 942. What is s(105)?
3
Let s(i) = -i**2 + 71*i - 631. Calculate s(12).
77
Let z(r) = -523*r**2 + 1082*r - 68. What is z(2)?
4
Let n(h) = -3*h**3 - 12*h**2 - 63*h + 293. Calculate n(6).
-1165
Let t(d) = 196*d - 24295. Calculate t(123).
-187
Let r(q) = 784*q - 32188. Calculate r(41).
-44
Let o(j) = -4*j**3 - 326*j**2 + 125*j - 2360. Calculate o(-82).
838
Let s(t) = t**3 + 458*t**2 + 2671*t + 183949. Calculate s(-453).
31
Let n(g) = -639*g**3 - 3196*g**2 + 37. Calculate n(-5).
12
Let r(q) = -29650*q - 504059. Give r(-17).
-9
Let u(d) = d**3 - 16*d**2 - 98*d + 31. What is u(-5)?
-4
Let w(x) = -2*x**3 + 18*x**2 - 42*x - 138. What is w(8)?
-346
Let f(k) = -9606*k + 259346. Give f(27).
-16
Let k(c) = 4*c**2 + 323*c - 1303. Calculate k(-86).
503
Let m(b) = -17*b**2 - 391*b - 1457. Give m(-18).
73
Let n(j) = -7*j**3 - 627*j**2 - 287*j + 6654. Calculate n(-89).
513
Let b(l) = 2*l**2 - 708*l - 336982. What is b(-270)?
-22
Let q(j) = j**2 - 1337*j + 97056. Calculate q(77).
36
Let z(o) = -2*o**3 + 147*o**2 - 82*o + 683. Calculate z(73).
26
Let s(k) = k**3 - 2*k**2 + 9348*k - 4. Calculate s(0).
-4
Let l(t) = -3*t**2 + 114*t + 138901. Give l(-197).
16
Let j(z) = -4*z**2 + 512*z - 5562. What is j(11)?
-414
Let b(r) = 9*r**2 - 79*r + 446. Give b(10).
556
Let c(m) = -m**3 - 1018*m**2 - 238053*m + 1111. Determine c(-364).
19
Let b(s) = 13520*s + 256882. What is b(-19)?
2
Let g(n) = -208313*n - 9582395. Determine g(-46).
3
Let o(g) = -2*g**3 + 381*g**2 - 2464*g + 13242. Calculate o(184).
-6
Let t(n) = -n**3 - 139*n**2 - 3478*n + 1870. Determine t(-106).
-250
Let i(k) = 3*k**3 + 86*k**2 - 120*k - 199. Determine i(-30).
-199
Let l(f) = 731631*f + 731611. What is l(-1)?
-20
Let j(w) = 5064*w - 70935. Calculate j(14).
-39
Let u(q) = -42872*q - 1629137. Give u(-38).
-1
Let g(q) = 6*q**2 - 3786*q + 30297. Give g(8).
393
Let w(g) = -g**3 + 4*g**2 + 786*g + 5601. What is w(-7)?
638
Let y(r) = 12*r**3 - 63*r**2 + 22. Give y(6).
346
Let m(t) = -198*t + 18843. Give m(99).
-759
Let p(d) = d**2 - 24561*d - 1181235. What is p(-48)?
-3
Let j(h) = 46*h**3 + 874*h**2 + 8*h + 134. Calculate j(-19).
-18
Let i(r) = 234969*r + 6344158. What is i(-27)?
-5
Let n(r) = -2*r**3 + 9*r**2 - 34*r - 230. Determine n(-5).
415
Let a(x) = 1448*x - 945. Determine a(1).
503
Let z(x) = 63*x**2 + 101*x + 7. Determine z(-1).
-31
Let r(j) = 43811*j + 3811536. Calculate r(-87).
-21
Let s(f) = 266*f**2 - 18875*f - 737. What is s(71)?
44
Let u(v) = v**3 - 233*v**2 + 700*v - 13. Give u(3).
17
Let r(v) = -2*v**3 + 51*v**2 - 1302*v + 37386. Calculate r(27).
45
Let u(h) = -100*h**3 - 16*h**2 - 3*h. Determine u(3).
-2853
Let a(t) = t**3 + 330*t**2 + 1956*t + 107502. Give a(-325).
-73
Let m(s) = 2*s**3 - 44*s**2 + 210*s + 301. Determine m(13).
-11
Let a(b) = -b**3 + 49*b**2 - 296*b - 226. What is a(42)?
-310
Let j(f) = -4*f**3 - 450*f**2 + 1151*f + 229. What is j(-115)?
114
Let i(p) = -296*p - 29099. Determine i(-98).
-91
Let m(y) = -256*y - 1954. Calculate m(-6).
-418
Let d(l) = -19*l**2 - 556*l + 370. What is d(-27)?
1531
Let r(y) = -490*y + 7824. What is r(16)?
-16
Let n(l) = l**3 + 24*l**2 + 181*l + 480. Determine n(-12).
36
Let u(c) = c**3 - 23*c**2 - 1382*c + 30966. Calculate u(22).
78
Let y(n) = 3440*n + 7109. Calculate y(-2).
229
Let h(a) = a**3 - 1558*a**2 - 2002*a + 690625. Calculate h(1559).
-12
Let r(m) = 16*m**3 - 10*m**2 - 17*m - 3. Determine r(4).
793
Let x(t) = -2*t**2 + 28371*t + 909941. Give x(-32).
21
Let s(w) = 4*w**2 - 2745*w + 16338. Calculate s(6).
12
Let h(w) = 66737*w - 200352. Give h(3).
-141
Let c(o) = 5395*o - 161848. Calculate c(30).
2
Let z(n) = -n**2 - 256*n - 11737. Determine z(-63).
422
Let g(b) = -156*b**2 + 492*b - 83. Determine g(3).
-11
Let g(m) = 305*m**2 + 49107*m + 329. Give g(-161).
7
Let p(w) = 3*w**3 + 118*w**2 + 333*w - 59. What is p(-36)?
913
Let p(t) = -18*t**3 - 2572*t**2 - 104*t - 55779. What is p(-143)?
-9
Let y(w) = -w**2 - 44*w + 423. Give y(8).
7
Let t(o) = 101*o**2 - 902*o + 901. What is t(1)?
100
Let o(f) = 6*f**3 - 5*f**2 - 15557*f - 31108. Determine o(-2).
-62
Let z(u) = 68*u**2 - 272*u - 4067. What is z(-6)?
13
Let i(q) = 28*q**2 - 8092*q + 70568. Determine i(9).
8
Let i(g) = g**2 + 147*g + 5158. Calculate i(-97).
308
Let f(b) = 349*b**2 - 8706*b + 255. Give f(25).
730
Let f(w) = w**2 + 23*w - 1330. What is f(21)?
-406
Let p(y) = -96*y**2 + 325*y + 782. Determine p(5).
7
Let y(q) = -178*q + 439. Determine y(1).
261
Let m(f) = -9*f**2 + 83*f + 383. Calculate m(-5).
-257
Let x(b) = -2*b**2 + 157*b + 6546. Give x(-28).
582
Let r(b) = -b**3 + 37*b**2 + 3373*b + 6583. Give r(-2).
-7
Let g(o) = 491*o + 53322. What is g(-108)?
294
Let c(p) = -p**3 + 6*p**2 + 381*p - 5. Determine c(23).
-235
Let k(v) = -365*v - 15017. What is k(-41)?
-52
Let k(n) = -4*n**2 - 9822*n - 107932. What is k(-11)?
-374
Let y(v) = -2002254*v - 6006768. Calculate y(-3).
-6
Let h(c) = -578*c**3 + 105196*c**2 - 32. Give h(182).
-32
Let w(c) = -c**2 + 3329*c + 735701. Calculate w(-208).
5
Let h(u) = 469*u - 88144. Determine h(190).
966
Let h(v) = 3792*v + 45439. Calculate h(-12).
-65
Let p(y) = y**3 - 47*y**2 + 382*y + 248. What is p(36)?
-256
Let z(j) = -38225*j + 382328. Determine z(10).
78
Let g(n) = -7980*n - 2082865. Calculate g(-261).
-85
Let t(d) = -487*d - 4088. Calculate t(-8).
-192
Let q(i) = 8*i**2 - 1386*i + 3301. Give q(171).
223
Let z(r) = -460*r + 18875. What is z(41)?
15
Let s(a) = -140682*a + 3094984. Calculate s(22).
-20
Let l(t) = -1972*t + 8542. Give l(4).
654
Let v(j) = 3*j**3 - 82*j**2 + 340*j - 34. Give v(5).
-9
Let h(i) = -1219*i - 8383. What is h(-6)?
-1069
Let h(j) = -37*j**2 - 341*j + 203. Determine h(-10).
-87
Let l(h) = h**2 + 1296*h + 121773. Give l(-102).
-15
Let m(w) = w**2 - 2131*w + 112251. Give m(54).
93
Let r(x) = -x**2 - 627*x - 41581. Determine r(-75).
-181
Let z(q) = 6*q**3 - 3*q**2 + 38*q + 190. Determine z(-6).
-1442
Let b(y) = -3454*y - 50841. Calculate b(-15).
969
Let l(z) = -8*z**2 + 203*z - 1208. Calculate l(16).
-8